{"id":3990,"date":"2015-07-03T11:58:28","date_gmt":"2015-07-03T09:58:28","guid":{"rendered":"https:\/\/www.capybarabooks.com\/wp22\/product\/luxembourg-ville-creative\/"},"modified":"2022-11-11T09:39:43","modified_gmt":"2022-11-11T08:39:43","slug":"luxembourg-ville-creative","status":"publish","type":"product","link":"https:\/\/www.capybarabooks.com\/fr\/produit\/luxembourg-ville-creative\/","title":{"rendered":"Luxembourg &#8211; ville cr\u00e9ative"},"content":{"rendered":"<p>[vc_row full_width=\u00a0\u00bbstretch_row\u00a0\u00bb content_placement=\u00a0\u00bbmiddle\u00a0\u00bb svg_background=\u00a0\u00bb%5B%7B%7D%5D\u00a0\u00bb css=\u00a0\u00bb.vc_custom_1658229123380{padding-top: 0px !important;padding-bottom: 0px !important;background-image: url(https:\/\/www.capybarabooks.com\/wp22\/wp-content\/uploads\/2021\/12\/buch-header.jpg?id=3089) !important;background-position: center !important;background-repeat: no-repeat !important;background-size: cover !important;}\u00a0\u00bb el_class=\u00a0\u00bbseitentitel-hintergrund\u00a0\u00bb][vc_column][vc_column_text el_class=\u00a0\u00bbseitentitel-eins\u00a0\u00bb]<\/p>\n<p style=\"text-align: center;\">LIVRES<\/p>\n<p>[\/vc_column_text][vc_column_text el_class=\u00a0\u00bbseitentitel-zwei\u00a0\u00bb]<\/p>\n<p style=\"text-align: center;\">Ouvrages scientifiques<\/p>\n<p>[\/vc_column_text][\/vc_column][\/vc_row][vc_row css=\u00a0\u00bb.vc_custom_1658237907272{margin-top: 25px !important;}\u00a0\u00bb svg_background=\u00a0\u00bb%5B%7B%7D%5D\u00a0\u00bb][vc_column width=\u00a0\u00bb1\/3&Prime;][vc_single_image image=\u00a0\u00bb3992&Prime; img_size=\u00a0\u00bbfull\u00a0\u00bb][\/vc_column][vc_column width=\u00a0\u00bb2\/3&Prime; el_class=\u00a0\u00bbbuch-informationen\u00a0\u00bb][vc_column_text el_class=\u00a0\u00bbbuch-autor\u00a0\u00bb]Thomas Vercruysse[\/vc_column_text][vc_column_text el_class=\u00a0\u00bbbuch-titel\u00a0\u00bb]Luxembourg &#8211; ville cr\u00e9ative[\/vc_column_text][vc_column_text]Dans une perspective g\u00e9ocritique, les contributions r\u00e9unies dans ce volume explorent \u00e0 la fois les repr\u00e9sentations de la ville de Luxembourg dans la litt\u00e9rature luxembourgeoise, dans la litt\u00e9rature fran\u00e7aise, mais aussi la litt\u00e9rature am\u00e9ricaine tout en s\u2019int\u00e9ressant \u00e0 la dimension cr\u00e9ative de l\u2019architecture et des espaces culturels (avec deux articles sur le MUDAM et sur la Philharmonie), et, en questionnant, \u00e9videmment, la place de la \u00ab classe cr\u00e9ative \u00bb dans la ville en s\u2019int\u00e9ressant aux \u00e9crivains : comment la litt\u00e9rature pourrait-elle, par le biais des r\u00e9sidences d\u2019artistes, jouer un r\u00f4le croissant, en termes de retomb\u00e9es \u00e9conomiques et m\u00e9diatiques, dans la capitale de la Grande R\u00e9gion ? Un effort a d\u00e9j\u00e0 \u00e9t\u00e9 fait dans ce sens, en direction du cin\u00e9ma, par des mesures d\u2019incitation fiscales. Nous passerons donc en revue \u00ab les identit\u00e9s cin\u00e9matographiques de la ville de Luxembourg \u00bb. Il conviendra aussi de se demander si certaines forces centrifuges, tel l\u2019embourgeoisement de la ville, ne menacent pas la cr\u00e9ativit\u00e9 de la ville en effa\u00e7ant les traits sp\u00e9cifiques de tel ou tel quartier (avec l\u2019exemple du Limperstberg) pour leur substituer des immeubles tr\u00e8s cossus aux loyers tr\u00e8s \u00e9lev\u00e9s. On toucherait ici au paradoxe de la \u00ab ville cr\u00e9ative \u00bb, \u00e9videmment \u00e0 interroger : la ville cr\u00e9ative, gr\u00e2ce \u00e0 la classe cr\u00e9ative, deviendrait attractive au point de s\u2019embourgeoiser, d\u2019attirer une cat\u00e9gorie de population aux revenus tr\u00e8s \u00e9lev\u00e9s qui ferait grimper les prix, chasserait la classe cr\u00e9ative, et compromettrait ainsi la cr\u00e9ativit\u00e9 de la ville\u2026<\/p>\n<p>Avec des textes de Denis Bertrand, Carole Bisenius-Penin, Marion Colas-Blaise, Veronica Estay-Stange, Jeanne E. Glesener, Paul Lesch, Nathalie Roelens, Bertrand Westphal et Frank Wilhelm ainsi qu\u2019un entretien avec Claude Bertemes et Gian Maria Tore et une introduction de Thomas Vercruysse<\/p>\n<p>Avec le soutien de :<\/p>\n<p><img loading=\"lazy\" decoding=\"async\" class=\"alignnone wp-image-3697\" src=\"https:\/\/www.capybarabooks.com\/wp22\/wp-content\/uploads\/2015\/07\/logo1.jpg\" alt=\"\" width=\"91\" height=\"79\" \/>\u00a0 \u00a0<img loading=\"lazy\" decoding=\"async\" class=\"alignnone wp-image-3698\" src=\"https:\/\/www.capybarabooks.com\/wp22\/wp-content\/uploads\/2015\/07\/logo2.jpg\" alt=\"\" width=\"134\" height=\"24\" \/>\u00a0 \u00a0<img loading=\"lazy\" decoding=\"async\" class=\"alignnone wp-image-3699\" src=\"https:\/\/www.capybarabooks.com\/wp22\/wp-content\/uploads\/2015\/07\/logo3.jpg\" alt=\"\" width=\"103\" height=\"60\" \/>[\/vc_column_text][vc_column_text]Date de parution : 03.07.2015<br \/>\n272 pages, 20 x 12 cm<br \/>\nR\u00e9liure en anglaise<br \/>\nISBN 978-99959-43-03-5<br \/>\n19,95 \u20ac[\/vc_column_text][vc_btn title=\u00a0\u00bbEXTRAIT\u00a0\u00bb style=\u00a0\u00bboutline\u00a0\u00bb shape=\u00a0\u00bbsquare\u00a0\u00bb color=\u00a0\u00bbblack\u00a0\u00bb size=\u00a0\u00bblg\u00a0\u00bb link=\u00a0\u00bburl:https%3A%2F%2Fwww.capybarabooks.com%2Fwp22%2Fwp-content%2Fuploads%2F2022%2F07%2Fleseprobe_luxembourg_ville_creative.pdf|target:_blank|\u00a0\u00bb css=\u00a0\u00bb.vc_custom_1667122963000{margin-right: 25px !important;}\u00a0\u00bb el_class=\u00a0\u00bbbutton-leseprobe\u00a0\u00bb][vc_btn title=\u00a0\u00bbCOUVERTURE\u00a0\u00bb style=\u00a0\u00bboutline\u00a0\u00bb shape=\u00a0\u00bbsquare\u00a0\u00bb color=\u00a0\u00bbblack\u00a0\u00bb size=\u00a0\u00bblg\u00a0\u00bb link=\u00a0\u00bburl:https%3A%2F%2Fwww.capybarabooks.com%2Fwp22%2Fwp-content%2Fuploads%2F2022%2F07%2F6-ville-creative-download.jpg|target:_blank|\u00a0\u00bb el_class=\u00a0\u00bbbutton-coverdownload\u00a0\u00bb][vc_separator color=\u00a0\u00bbblack\u00a0\u00bb][vc_row_inner equal_height=\u00a0\u00bbyes\u00a0\u00bb content_placement=\u00a0\u00bbtop\u00a0\u00bb svg_background=\u00a0\u00bb%5B%7B%7D%5D\u00a0\u00bb el_class=\u00a0\u00bbautor-info-kasten\u00a0\u00bb][vc_column_inner width=\u00a0\u00bb1\/6&Prime;][vc_single_image image=\u00a0\u00bb3269&Prime; img_size=\u00a0\u00bbfull\u00a0\u00bb el_class=\u00a0\u00bbautor-foto\u00a0\u00bb][\/vc_column_inner][vc_column_inner el_class=\u00a0\u00bbautor-info-text\u00a0\u00bb width=\u00a0\u00bb5\/6&Prime;][vc_column_text el_class=\u00a0\u00bbautor-im-kasten\u00a0\u00bb]Thomas Vercruysse (dir.)[\/vc_column_text][vc_column_text]Thomas Vercryusse est chercheur post-doctorand \u00e0 l\u2019Universit\u00e9 du Luxembourg. Ses recherches, \u00e0 l\u2019interface entre esth\u00e9tique et \u00e9pist\u00e9mologie, portent sur les rapports entre espace, cr\u00e9ation, et circonstances. Il a notamment co-organis\u00e9 une Universit\u00e9 d\u2019\u00e9t\u00e9 sur ce th\u00e8me : <em>Litt\u00e9rature, villes, interactions<\/em> ( 2 au 13 juillet 2014), co-anim\u00e9 un s\u00e9minaire (<em>G\u00e9opo\u00e9tiques : le sens de l\u2019espace<\/em>) et pr\u00e9pare une monographie, fruit d\u2019une th\u00e8se en philosophie, sur le sujet : \u00ab La kairologie \u2013 Pour une po\u00e9tique de la circonstance \u00bb. Un essai, objet de sa th\u00e8se en litt\u00e9rature fran\u00e7aise, est d\u00e9j\u00e0 paru : \u00ab La cartographie po\u00e9tique \u2013 Trac\u00e9s, diagrammes, formes \u00bb (Gen\u00e8ve, Droz, 2014). Il est aussi correspondant \u00e9tranger de la revue <em>Aisthesis<\/em> et collabore r\u00e9guli\u00e8rement \u00e0 la revue <em>Epist\u00e9mocritique<\/em>.[\/vc_column_text][\/vc_column_inner][\/vc_row_inner][vc_separator color=\u00a0\u00bbblack\u00a0\u00bb][\/vc_column][\/vc_row]<\/p>\n","protected":false},"excerpt":{"rendered":"<p>[vc_row full_width=\u00a0\u00bbstretch_row\u00a0\u00bb content_placement=\u00a0\u00bbmiddle\u00a0\u00bb svg_background=\u00a0\u00bb%5B%7B%7D%5D\u00a0\u00bb css=\u00a0\u00bb.vc_custom_1658229123380{padding-top: 0px !important;padding-bottom: 0px !important;background-image: url(https:\/\/www.capybarabooks.com\/wp22\/wp-content\/uploads\/2021\/12\/buch-header.jpg?id=3089) !important;background-position: center !important;background-repeat: no-repeat !important;background-size: cover !important;}\u00a0\u00bb el_class=\u00a0\u00bbseitentitel-hintergrund\u00a0\u00bb][vc_column][vc_column_text el_class=\u00a0\u00bbseitentitel-eins\u00a0\u00bb] LIVRES [\/vc_column_text][vc_column_text el_class=\u00a0\u00bbseitentitel-zwei\u00a0\u00bb] Ouvrages scientifiques [\/vc_column_text][\/vc_column][\/vc_row][vc_row css=\u00a0\u00bb.vc_custom_1658237907272{margin-top: 25px !important;}\u00a0\u00bb svg_background=\u00a0\u00bb%5B%7B%7D%5D\u00a0\u00bb][vc_column width=\u00a0\u00bb1\/3&Prime;][vc_single_image image=\u00a0\u00bb3992&Prime; img_size=\u00a0\u00bbfull\u00a0\u00bb][\/vc_column][vc_column width=\u00a0\u00bb2\/3&Prime; el_class=\u00a0\u00bbbuch-informationen\u00a0\u00bb][vc_column_text el_class=\u00a0\u00bbbuch-autor\u00a0\u00bb]Thomas Vercruysse[\/vc_column_text][vc_column_text el_class=\u00a0\u00bbbuch-titel\u00a0\u00bb]Luxembourg &#8211; ville cr\u00e9ative[\/vc_column_text][vc_column_text]Dans [&hellip;]<\/p>\n","protected":false},"author":28,"featured_media":3991,"template":"","meta":[],"product_cat":[87],"product_tag":[],"class_list":["post-3990","product","type-product","status-publish","has-post-thumbnail","hentry","product_cat-ouvrages-scientifiques-fr"],"aioseo_notices":[],"_links":{"self":[{"href":"https:\/\/www.capybarabooks.com\/fr\/wp-json\/wp\/v2\/product\/3990","targetHints":{"allow":["GET"]}}],"collection":[{"href":"https:\/\/www.capybarabooks.com\/fr\/wp-json\/wp\/v2\/product"}],"about":[{"href":"https:\/\/www.capybarabooks.com\/fr\/wp-json\/wp\/v2\/types\/product"}],"author":[{"embeddable":true,"href":"https:\/\/www.capybarabooks.com\/fr\/wp-json\/wp\/v2\/users\/28"}],"wp:featuredmedia":[{"embeddable":true,"href":"https:\/\/www.capybarabooks.com\/fr\/wp-json\/wp\/v2\/media\/3991"}],"wp:attachment":[{"href":"https:\/\/www.capybarabooks.com\/fr\/wp-json\/wp\/v2\/media?parent=3990"}],"wp:term":[{"taxonomy":"product_cat","embeddable":true,"href":"https:\/\/www.capybarabooks.com\/fr\/wp-json\/wp\/v2\/product_cat?post=3990"},{"taxonomy":"product_tag","embeddable":true,"href":"https:\/\/www.capybarabooks.com\/fr\/wp-json\/wp\/v2\/product_tag?post=3990"}],"curies":[{"name":"wp","href":"https:\/\/api.w.org\/{rel}","templated":true}]}}

Luxembourg &#8211; ville créative

<p>[vc_row full_width= »stretch_row » content_placement= »middle » svg_background= »%5B%7B%7D%5D » css= ».vc_custom_1658229123380{padding-top: 0px !important;padding-bottom: 0px !important;background-image: url(https://www.capybarabooks.com/wp22/wp-content/uploads/2021/12/buch-header.jpg?id=3089) !important;background-position: center !important;background-repeat: no-repeat !important;background-size: cover !important;} » el_class= »seitentitel-hintergrund »][vc_column][vc_column_text el_class= »seitentitel-eins »]</p>
<p style="text-align: center;">LIVRES</p>
<p>[/vc_column_text][vc_column_text el_class= »seitentitel-zwei »]</p>
<p style="text-align: center;">Ouvrages scientifiques</p>
<p>[/vc_column_text][/vc_column][/vc_row][vc_row css= ».vc_custom_1658237907272{margin-top: 25px !important;} » svg_background= »%5B%7B%7D%5D »][vc_column width= »1/3&Prime;][vc_single_image image= »3992&Prime; img_size= »full »][/vc_column][vc_column width= »2/3&Prime; el_class= »buch-informationen »][vc_column_text el_class= »buch-autor »]Thomas Vercruysse[/vc_column_text][vc_column_text el_class= »buch-titel »]Luxembourg &#8211; ville créative[/vc_column_text][vc_column_text]Dans une perspective géocritique, les contributions réunies dans ce volume explorent à la fois les représentations de la ville de Luxembourg dans la littérature luxembourgeoise, dans la littérature française, mais aussi la littérature américaine tout en s’intéressant à la dimension créative de l’architecture et des espaces culturels (avec deux articles sur le MUDAM et sur la Philharmonie), et, en questionnant, évidemment, la place de la « classe créative » dans la ville en s’intéressant aux écrivains : comment la littérature pourrait-elle, par le biais des résidences d’artistes, jouer un rôle croissant, en termes de retombées économiques et médiatiques, dans la capitale de la Grande Région ? Un effort a déjà été fait dans ce sens, en direction du cinéma, par des mesures d’incitation fiscales. Nous passerons donc en revue « les identités cinématographiques de la ville de Luxembourg ». Il conviendra aussi de se demander si certaines forces centrifuges, tel l’embourgeoisement de la ville, ne menacent pas la créativité de la ville en effaçant les traits spécifiques de tel ou tel quartier (avec l’exemple du Limperstberg) pour leur substituer des immeubles très cossus aux loyers très élevés. On toucherait ici au paradoxe de la « ville créative », évidemment à interroger : la ville créative, grâce à la classe créative, deviendrait attractive au point de s’embourgeoiser, d’attirer une catégorie de population aux revenus très élevés qui ferait grimper les prix, chasserait la classe créative, et compromettrait ainsi la créativité de la ville…</p>
<p>Avec des textes de Denis Bertrand, Carole Bisenius-Penin, Marion Colas-Blaise, Veronica Estay-Stange, Jeanne E. Glesener, Paul Lesch, Nathalie Roelens, Bertrand Westphal et Frank Wilhelm ainsi qu’un entretien avec Claude Bertemes et Gian Maria Tore et une introduction de Thomas Vercruysse</p>
<p>Avec le soutien de :</p>
<p><img loading="lazy" decoding="async" class="alignnone wp-image-3697" src="https://www.capybarabooks.com/wp22/wp-content/uploads/2015/07/logo1.jpg" alt="" width="91" height="79" />   <img loading="lazy" decoding="async" class="alignnone wp-image-3698" src="https://www.capybarabooks.com/wp22/wp-content/uploads/2015/07/logo2.jpg" alt="" width="134" height="24" />   <img loading="lazy" decoding="async" class="alignnone wp-image-3699" src="https://www.capybarabooks.com/wp22/wp-content/uploads/2015/07/logo3.jpg" alt="" width="103" height="60" />[/vc_column_text][vc_column_text]Date de parution : 03.07.2015<br />
272 pages, 20 x 12 cm<br />
Réliure en anglaise<br />
ISBN 978-99959-43-03-5<br />
19,95 €[/vc_column_text][vc_btn title= »EXTRAIT » style= »outline » shape= »square » color= »black » size= »lg » link= »url:https%3A%2F%2Fwww.capybarabooks.com%2Fwp22%2Fwp-content%2Fuploads%2F2022%2F07%2Fleseprobe_luxembourg_ville_creative.pdf|target:_blank| » css= ».vc_custom_1667122963000{margin-right: 25px !important;} » el_class= »button-leseprobe »][vc_btn title= »COUVERTURE » style= »outline » shape= »square » color= »black » size= »lg » link= »url:https%3A%2F%2Fwww.capybarabooks.com%2Fwp22%2Fwp-content%2Fuploads%2F2022%2F07%2F6-ville-creative-download.jpg|target:_blank| » el_class= »button-coverdownload »][vc_separator color= »black »][vc_row_inner equal_height= »yes » content_placement= »top » svg_background= »%5B%7B%7D%5D » el_class= »autor-info-kasten »][vc_column_inner width= »1/6&Prime;][vc_single_image image= »3269&Prime; img_size= »full » el_class= »autor-foto »][/vc_column_inner][vc_column_inner el_class= »autor-info-text » width= »5/6&Prime;][vc_column_text el_class= »autor-im-kasten »]Thomas Vercruysse (dir.)[/vc_column_text][vc_column_text]Thomas Vercryusse est chercheur post-doctorand à l’Université du Luxembourg. Ses recherches, à l’interface entre esthétique et épistémologie, portent sur les rapports entre espace, création, et circonstances. Il a notamment co-organisé une Université d’été sur ce thème : <em>Littérature, villes, interactions</em> ( 2 au 13 juillet 2014), co-animé un séminaire (<em>Géopoétiques : le sens de l’espace</em>) et prépare une monographie, fruit d’une thèse en philosophie, sur le sujet : « La kairologie – Pour une poétique de la circonstance ». Un essai, objet de sa thèse en littérature française, est déjà paru : « La cartographie poétique – Tracés, diagrammes, formes » (Genève, Droz, 2014). Il est aussi correspondant étranger de la revue <em>Aisthesis</em> et collabore régulièrement à la revue <em>Epistémocritique</em>.[/vc_column_text][/vc_column_inner][/vc_row_inner][vc_separator color= »black »][/vc_column][/vc_row]</p>

<p>[vc_row full_width= »stretch_row » content_placement= »middle » svg_background= »%5B%7B%7D%5D » css= ».vc_custom_1658229123380{padding-top: 0px !important;padding-bottom: 0px !important;background-image: url(https://www.capybarabooks.com/wp22/wp-content/uploads/2021/12/buch-header.jpg?id=3089) !important;background-position: center !important;background-repeat: no-repeat !important;background-size: cover !important;} » el_class= »seitentitel-hintergrund »][vc_column][vc_column_text el_class= »seitentitel-eins »] LIVRES [/vc_column_text][vc_column_text el_class= »seitentitel-zwei »] Ouvrages scientifiques [/vc_column_text][/vc_column][/vc_row][vc_row css= ».vc_custom_1658237907272{margin-top: 25px !important;} » svg_background= »%5B%7B%7D%5D »][vc_column width= »1/3&Prime;][vc_single_image image= »3992&Prime; img_size= »full »][/vc_column][vc_column width= »2/3&Prime; el_class= »buch-informationen »][vc_column_text el_class= »buch-autor »]Thomas Vercruysse[/vc_column_text][vc_column_text el_class= »buch-titel »]Luxembourg &#8211; ville créative[/vc_column_text][vc_column_text]Dans [&hellip;]</p>
