{"id":3916,"date":"2021-02-18T14:35:07","date_gmt":"2021-02-18T13:35:07","guid":{"rendered":"https:\/\/www.capybarabooks.com\/wp22\/product\/virons-le-virus-essai-de-journal-deconfine\/"},"modified":"2022-11-03T12:12:17","modified_gmt":"2022-11-03T11:12:17","slug":"virons-le-virus-essai-de-journal-deconfine","status":"publish","type":"product","link":"https:\/\/www.capybarabooks.com\/fr\/produit\/virons-le-virus-essai-de-journal-deconfine\/","title":{"rendered":"Virons le virus ! Essai de journal (d\u00e9)confin\u00e9"},"content":{"rendered":"<p>[vc_row full_width=\u00a0\u00bbstretch_row\u00a0\u00bb content_placement=\u00a0\u00bbmiddle\u00a0\u00bb svg_background=\u00a0\u00bb%5B%7B%7D%5D\u00a0\u00bb css=\u00a0\u00bb.vc_custom_1658229123380{padding-top: 0px !important;padding-bottom: 0px !important;background-image: url(https:\/\/www.capybarabooks.com\/wp22\/wp-content\/uploads\/2021\/12\/buch-header.jpg?id=3089) !important;background-position: center !important;background-repeat: no-repeat !important;background-size: cover !important;}\u00a0\u00bb el_class=\u00a0\u00bbseitentitel-hintergrund\u00a0\u00bb][vc_column][vc_column_text el_class=\u00a0\u00bbseitentitel-eins\u00a0\u00bb]<\/p>\n<p style=\"text-align: center;\">LIVRES<\/p>\n<p>[\/vc_column_text][vc_column_text el_class=\u00a0\u00bbseitentitel-zwei\u00a0\u00bb]<\/p>\n<p style=\"text-align: center;\">Litt\u00e9rature<\/p>\n<p>[\/vc_column_text][\/vc_column][\/vc_row][vc_row css=\u00a0\u00bb.vc_custom_1658237907272{margin-top: 25px !important;}\u00a0\u00bb svg_background=\u00a0\u00bb%5B%7B%7D%5D\u00a0\u00bb][vc_column width=\u00a0\u00bb1\/3&Prime;][vc_single_image image=\u00a0\u00bb3917&Prime; img_size=\u00a0\u00bbfull\u00a0\u00bb][\/vc_column][vc_column width=\u00a0\u00bb2\/3&Prime; el_class=\u00a0\u00bbbuch-informationen\u00a0\u00bb][vc_column_text el_class=\u00a0\u00bbbuch-autor\u00a0\u00bb]Paul Rauchs[\/vc_column_text][vc_column_text el_class=\u00a0\u00bbbuch-titel\u00a0\u00bb]Virons le virus ![\/vc_column_text][vc_column_text el_class=\u00a0\u00bbbuch-untertitel\u00a0\u00bb]Essai de journal (d\u00e9)confin\u00e9[\/vc_column_text][vc_column_text]Yvan exerce la psychiatrie dans une grande ville d\u2019un petit pays. La pand\u00e9mie de la covid-19 l\u2019ayant oblig\u00e9 \u00e0 fermer son cabinet, il s\u2019est lov\u00e9 sur son divan et mis \u00e0 observer l\u2019\u00e9trange comportement de ses compatriotes. Le virus a frapp\u00e9 une soci\u00e9t\u00e9 de libert\u00e9 qui, angoiss\u00e9e par la perte de ses rep\u00e8res, accueillit avec soulagement, au d\u00e9but du moins, les restrictions et prescriptions dict\u00e9es par la crise. Ce petit livre n\u2019est ni essai, ni journal, tout au plus essai de journal. C\u2019est une chronique qui emprunte \u00e0 l\u2019uchronie et m\u00e9lange l\u2019analyse et la satire, le grave et le dr\u00f4le, l\u2019intime et le public.[\/vc_column_text][vc_column_text]Date de parution : 18.02.2021<br \/>\n144 pages, 20 x 12 cm<br \/>\nReli\u00e9 avec jaquette<br \/>\nISBN 978-99959-43-33-2<br \/>\n17,95 \u20ac[\/vc_column_text][vc_btn title=\u00a0\u00bbEXTRAIT\u00a0\u00bb style=\u00a0\u00bboutline\u00a0\u00bb shape=\u00a0\u00bbsquare\u00a0\u00bb color=\u00a0\u00bbblack\u00a0\u00bb size=\u00a0\u00bblg\u00a0\u00bb link=\u00a0\u00bburl:https%3A%2F%2Fwww.capybarabooks.com%2Fwp22%2Fwp-content%2Fuploads%2F2022%2F07%2Fleseprobe-virons-le-virus-neu.pdf|target:_blank|\u00a0\u00bb css=\u00a0\u00bb.vc_custom_1666697793482{margin-right: 25px !important;}\u00a0\u00bb el_class=\u00a0\u00bbbutton-leseprobe\u00a0\u00bb][vc_btn title=\u00a0\u00bbCOUVERTURE\u00a0\u00bb style=\u00a0\u00bboutline\u00a0\u00bb shape=\u00a0\u00bbsquare\u00a0\u00bb color=\u00a0\u00bbblack\u00a0\u00bb size=\u00a0\u00bblg\u00a0\u00bb link=\u00a0\u00bburl:https%3A%2F%2Fwww.capybarabooks.com%2Fwp22%2Fwp-content%2Fuploads%2F2022%2F07%2F7-rauchs-virus.jpg|target:_blank|\u00a0\u00bb el_class=\u00a0\u00bbbutton-coverdownload\u00a0\u00bb][vc_separator color=\u00a0\u00bbblack\u00a0\u00bb][vc_row_inner equal_height=\u00a0\u00bbyes\u00a0\u00bb content_placement=\u00a0\u00bbtop\u00a0\u00bb svg_background=\u00a0\u00bb%5B%7B%7D%5D\u00a0\u00bb el_class=\u00a0\u00bbautor-info-kasten\u00a0\u00bb][vc_column_inner width=\u00a0\u00bb1\/6&Prime;][vc_single_image image=\u00a0\u00bb3175&Prime; img_size=\u00a0\u00bbfull\u00a0\u00bb el_class=\u00a0\u00bbautor-foto\u00a0\u00bb][\/vc_column_inner][vc_column_inner el_class=\u00a0\u00bbautor-info-text\u00a0\u00bb width=\u00a0\u00bb5\/6&Prime;][vc_column_text el_class=\u00a0\u00bbautor-im-kasten\u00a0\u00bb]<a href=\"https:\/\/www.capybarabooks.com\/wp22\/fr\/auteur-e-s\/#rauchs\"><strong>Paul Rauchs<\/strong><\/a>[\/vc_column_text][vc_column_text]Paul Rauchs a grandi \u00e0 Esch-sur-Alzette. Il exerce comme psychiatre et psychanalyste au Luxembourg et s\u2019int\u00e9resse particuli\u00e8rement aux disciplines tangentes de sa pratique, comme les arts et les lettres ou encore la philosophie et l\u2019histoire. Il aime pi\u00e9tiner en contrebandier ces plate-bandes et en a tir\u00e9 de nombreux articles, parus dans la presse professionnelle et g\u00e9n\u00e9raliste, tant \u00e9crite qu\u2019audiovisuelle. C\u2019est en vivant et en observant la politique qu\u2019il analyse le politique. Il a publi\u00e9 plusieurs livres, en France, au Canada et au Luxembourg.[\/vc_column_text][\/vc_column_inner][\/vc_row_inner][vc_separator color=\u00a0\u00bbblack\u00a0\u00bb][\/vc_column][\/vc_row][vc_row el_class=\u00a0\u00bbpresse-echo\u00a0\u00bb svg_background=\u00a0\u00bb%5B%7B%7D%5D\u00a0\u00bb][vc_column][vc_column_text css=\u00a0\u00bb.vc_custom_1658320751529{margin-top: 10px !important;margin-bottom: 10px !important;padding-top: 10px !important;padding-right: 50px !important;padding-bottom: 20px !important;padding-left: 50px !important;background-color: #eaeaea !important;}\u00a0\u00bb]\u00bb\u203aVirons le virus ! Essai de journal (d\u00e9)confin\u00e9\u2039 ass \u00ebnnerhalend mee och d\u00e9ifgr\u00ebnneg. Fir de Psychanalyst Paul Rauchs sinn d\u2019Wuertspillereie kee Selbstzweck, mee droen zur Opkl\u00e4rung b\u00e4i.\u00ab<br \/>\n<strong>radio 100,7<\/strong>[\/vc_column_text][vc_column_text css=\u00a0\u00bb.vc_custom_1666697718576{margin-top: 10px !important;margin-bottom: 10px !important;padding-top: 10px !important;padding-right: 50px !important;padding-bottom: 20px !important;padding-left: 50px !important;background-color: #eaeaea !important;}\u00a0\u00bb]\u00ab Une chronique pr\u00e9cise, bien recherch\u00e9e et mise au point qui grouille de r\u00e9f\u00e9rences litt\u00e9raires, artistiques, cin\u00e9philes et philosophiques. (\u2026) En lisant ce livre en 2021 (\u2026), on sent d\u00e9j\u00e0 que ce livre pourra durer. Il livrera la chronique des \u00e9v\u00e9nements, \u00e0 une autre g\u00e9n\u00e9ration ou \u00e0 nous-m\u00eames, qui, dans quelques ann\u00e9es, allons tourner \u00e0 nouveau le regard sur cette p\u00e9riode pour conclure, r\u00e9sumer, comparer nos enjeux actuels \u00e0 l\u2019\u00e9t\u00e2t des connaissances futures. Tandis Camus dessine dans <em>La Peste<\/em> une chronique focalis\u00e9e sur diff\u00e9rents personnages incorporant des th\u00e8ses, des traits de caract\u00e8re et opinions politiques ou humanistes, Rauchs livre un panorama de diff\u00e9rents aspects sociaux et culturels. Des sujets fascinants m\u00eame pour ceux qui sont en train de vivre cette chronique, ces bouleversements. \u00bb<br \/>\n<strong>d\u2019L\u00ebtzebuerger Land<\/strong>[\/vc_column_text][\/vc_column][\/vc_row]<\/p>\n","protected":false},"excerpt":{"rendered":"<p>[vc_row full_width=\u00a0\u00bbstretch_row\u00a0\u00bb content_placement=\u00a0\u00bbmiddle\u00a0\u00bb svg_background=\u00a0\u00bb%5B%7B%7D%5D\u00a0\u00bb css=\u00a0\u00bb.vc_custom_1658229123380{padding-top: 0px !important;padding-bottom: 0px !important;background-image: url(https:\/\/www.capybarabooks.com\/wp22\/wp-content\/uploads\/2021\/12\/buch-header.jpg?id=3089) !important;background-position: center !important;background-repeat: no-repeat !important;background-size: cover !important;}\u00a0\u00bb el_class=\u00a0\u00bbseitentitel-hintergrund\u00a0\u00bb][vc_column][vc_column_text el_class=\u00a0\u00bbseitentitel-eins\u00a0\u00bb] LIVRES [\/vc_column_text][vc_column_text el_class=\u00a0\u00bbseitentitel-zwei\u00a0\u00bb] Litt\u00e9rature [\/vc_column_text][\/vc_column][\/vc_row][vc_row css=\u00a0\u00bb.vc_custom_1658237907272{margin-top: 25px !important;}\u00a0\u00bb svg_background=\u00a0\u00bb%5B%7B%7D%5D\u00a0\u00bb][vc_column width=\u00a0\u00bb1\/3&Prime;][vc_single_image image=\u00a0\u00bb3917&Prime; img_size=\u00a0\u00bbfull\u00a0\u00bb][\/vc_column][vc_column width=\u00a0\u00bb2\/3&Prime; el_class=\u00a0\u00bbbuch-informationen\u00a0\u00bb][vc_column_text el_class=\u00a0\u00bbbuch-autor\u00a0\u00bb]Paul Rauchs[\/vc_column_text][vc_column_text el_class=\u00a0\u00bbbuch-titel\u00a0\u00bb]Virons le virus ![\/vc_column_text][vc_column_text el_class=\u00a0\u00bbbuch-untertitel\u00a0\u00bb]Essai [&hellip;]<\/p>\n","protected":false},"author":9,"featured_media":3917,"template":"","meta":[],"product_cat":[84],"product_tag":[],"class_list":["post-3916","product","type-product","status-publish","has-post-thumbnail","hentry","product_cat-litterature"],"aioseo_notices":[],"_links":{"self":[{"href":"https:\/\/www.capybarabooks.com\/fr\/wp-json\/wp\/v2\/product\/3916","targetHints":{"allow":["GET"]}}],"collection":[{"href":"https:\/\/www.capybarabooks.com\/fr\/wp-json\/wp\/v2\/product"}],"about":[{"href":"https:\/\/www.capybarabooks.com\/fr\/wp-json\/wp\/v2\/types\/product"}],"author":[{"embeddable":true,"href":"https:\/\/www.capybarabooks.com\/fr\/wp-json\/wp\/v2\/users\/9"}],"wp:featuredmedia":[{"embeddable":true,"href":"https:\/\/www.capybarabooks.com\/fr\/wp-json\/wp\/v2\/media\/3917"}],"wp:attachment":[{"href":"https:\/\/www.capybarabooks.com\/fr\/wp-json\/wp\/v2\/media?parent=3916"}],"wp:term":[{"taxonomy":"product_cat","embeddable":true,"href":"https:\/\/www.capybarabooks.com\/fr\/wp-json\/wp\/v2\/product_cat?post=3916"},{"taxonomy":"product_tag","embeddable":true,"href":"https:\/\/www.capybarabooks.com\/fr\/wp-json\/wp\/v2\/product_tag?post=3916"}],"curies":[{"name":"wp","href":"https:\/\/api.w.org\/{rel}","templated":true}]}}

Virons le virus ! Essai de journal (dé)confiné

<p>[vc_row full_width= »stretch_row » content_placement= »middle » svg_background= »%5B%7B%7D%5D » css= ».vc_custom_1658229123380{padding-top: 0px !important;padding-bottom: 0px !important;background-image: url(https://www.capybarabooks.com/wp22/wp-content/uploads/2021/12/buch-header.jpg?id=3089) !important;background-position: center !important;background-repeat: no-repeat !important;background-size: cover !important;} » el_class= »seitentitel-hintergrund »][vc_column][vc_column_text el_class= »seitentitel-eins »]</p>
<p style="text-align: center;">LIVRES</p>
<p>[/vc_column_text][vc_column_text el_class= »seitentitel-zwei »]</p>
<p style="text-align: center;">Littérature</p>
<p>[/vc_column_text][/vc_column][/vc_row][vc_row css= ».vc_custom_1658237907272{margin-top: 25px !important;} » svg_background= »%5B%7B%7D%5D »][vc_column width= »1/3&Prime;][vc_single_image image= »3917&Prime; img_size= »full »][/vc_column][vc_column width= »2/3&Prime; el_class= »buch-informationen »][vc_column_text el_class= »buch-autor »]Paul Rauchs[/vc_column_text][vc_column_text el_class= »buch-titel »]Virons le virus ![/vc_column_text][vc_column_text el_class= »buch-untertitel »]Essai de journal (dé)confiné[/vc_column_text][vc_column_text]Yvan exerce la psychiatrie dans une grande ville d’un petit pays. La pandémie de la covid-19 l’ayant obligé à fermer son cabinet, il s’est lové sur son divan et mis à observer l’étrange comportement de ses compatriotes. Le virus a frappé une société de liberté qui, angoissée par la perte de ses repères, accueillit avec soulagement, au début du moins, les restrictions et prescriptions dictées par la crise. Ce petit livre n’est ni essai, ni journal, tout au plus essai de journal. C’est une chronique qui emprunte à l’uchronie et mélange l’analyse et la satire, le grave et le drôle, l’intime et le public.[/vc_column_text][vc_column_text]Date de parution : 18.02.2021<br />
144 pages, 20 x 12 cm<br />
Relié avec jaquette<br />
ISBN 978-99959-43-33-2<br />
17,95 €[/vc_column_text][vc_btn title= »EXTRAIT » style= »outline » shape= »square » color= »black » size= »lg » link= »url:https%3A%2F%2Fwww.capybarabooks.com%2Fwp22%2Fwp-content%2Fuploads%2F2022%2F07%2Fleseprobe-virons-le-virus-neu.pdf|target:_blank| » css= ».vc_custom_1666697793482{margin-right: 25px !important;} » el_class= »button-leseprobe »][vc_btn title= »COUVERTURE » style= »outline » shape= »square » color= »black » size= »lg » link= »url:https%3A%2F%2Fwww.capybarabooks.com%2Fwp22%2Fwp-content%2Fuploads%2F2022%2F07%2F7-rauchs-virus.jpg|target:_blank| » el_class= »button-coverdownload »][vc_separator color= »black »][vc_row_inner equal_height= »yes » content_placement= »top » svg_background= »%5B%7B%7D%5D » el_class= »autor-info-kasten »][vc_column_inner width= »1/6&Prime;][vc_single_image image= »3175&Prime; img_size= »full » el_class= »autor-foto »][/vc_column_inner][vc_column_inner el_class= »autor-info-text » width= »5/6&Prime;][vc_column_text el_class= »autor-im-kasten »]<a href="https://www.capybarabooks.com/wp22/fr/auteur-e-s/#rauchs"><strong>Paul Rauchs</strong></a>[/vc_column_text][vc_column_text]Paul Rauchs a grandi à Esch-sur-Alzette. Il exerce comme psychiatre et psychanalyste au Luxembourg et s’intéresse particulièrement aux disciplines tangentes de sa pratique, comme les arts et les lettres ou encore la philosophie et l’histoire. Il aime piétiner en contrebandier ces plate-bandes et en a tiré de nombreux articles, parus dans la presse professionnelle et généraliste, tant écrite qu’audiovisuelle. C’est en vivant et en observant la politique qu’il analyse le politique. Il a publié plusieurs livres, en France, au Canada et au Luxembourg.[/vc_column_text][/vc_column_inner][/vc_row_inner][vc_separator color= »black »][/vc_column][/vc_row][vc_row el_class= »presse-echo » svg_background= »%5B%7B%7D%5D »][vc_column][vc_column_text css= ».vc_custom_1658320751529{margin-top: 10px !important;margin-bottom: 10px !important;padding-top: 10px !important;padding-right: 50px !important;padding-bottom: 20px !important;padding-left: 50px !important;background-color: #eaeaea !important;} »]»›Virons le virus ! Essai de journal (dé)confiné‹ ass ënnerhalend mee och déifgrënneg. Fir de Psychanalyst Paul Rauchs sinn d’Wuertspillereie kee Selbstzweck, mee droen zur Opklärung bäi.«<br />
<strong>radio 100,7</strong>[/vc_column_text][vc_column_text css= ».vc_custom_1666697718576{margin-top: 10px !important;margin-bottom: 10px !important;padding-top: 10px !important;padding-right: 50px !important;padding-bottom: 20px !important;padding-left: 50px !important;background-color: #eaeaea !important;} »]« Une chronique précise, bien recherchée et mise au point qui grouille de références littéraires, artistiques, cinéphiles et philosophiques. (…) En lisant ce livre en 2021 (…), on sent déjà que ce livre pourra durer. Il livrera la chronique des événements, à une autre génération ou à nous-mêmes, qui, dans quelques années, allons tourner à nouveau le regard sur cette période pour conclure, résumer, comparer nos enjeux actuels à l’étât des connaissances futures. Tandis Camus dessine dans <em>La Peste</em> une chronique focalisée sur différents personnages incorporant des thèses, des traits de caractère et opinions politiques ou humanistes, Rauchs livre un panorama de différents aspects sociaux et culturels. Des sujets fascinants même pour ceux qui sont en train de vivre cette chronique, ces bouleversements. »<br />
<strong>d’Lëtzebuerger Land</strong>[/vc_column_text][/vc_column][/vc_row]</p>

<p>[vc_row full_width= »stretch_row » content_placement= »middle » svg_background= »%5B%7B%7D%5D » css= ».vc_custom_1658229123380{padding-top: 0px !important;padding-bottom: 0px !important;background-image: url(https://www.capybarabooks.com/wp22/wp-content/uploads/2021/12/buch-header.jpg?id=3089) !important;background-position: center !important;background-repeat: no-repeat !important;background-size: cover !important;} » el_class= »seitentitel-hintergrund »][vc_column][vc_column_text el_class= »seitentitel-eins »] LIVRES [/vc_column_text][vc_column_text el_class= »seitentitel-zwei »] Littérature [/vc_column_text][/vc_column][/vc_row][vc_row css= ».vc_custom_1658237907272{margin-top: 25px !important;} » svg_background= »%5B%7B%7D%5D »][vc_column width= »1/3&Prime;][vc_single_image image= »3917&Prime; img_size= »full »][/vc_column][vc_column width= »2/3&Prime; el_class= »buch-informationen »][vc_column_text el_class= »buch-autor »]Paul Rauchs[/vc_column_text][vc_column_text el_class= »buch-titel »]Virons le virus ![/vc_column_text][vc_column_text el_class= »buch-untertitel »]Essai [&hellip;]</p>
